{"id":2486,"date":"2025-09-03T11:14:48","date_gmt":"2025-09-03T11:14:48","guid":{"rendered":"https:\/\/stavebninynikol.cz\/?post_type=product&#038;p=2486"},"modified":"2025-09-03T11:14:49","modified_gmt":"2025-09-03T11:14:49","slug":"neutralni-silikon-oxim-buldok","status":"publish","type":"product","link":"https:\/\/stavebninynikol.cz\/index.php\/product\/neutralni-silikon-oxim-buldok\/","title":{"rendered":"Neutr\u00e1ln\u00ed silikon OXIM BULDOK"},"content":{"rendered":"","protected":false},"excerpt":{"rendered":"<p>Neutr\u00e1ln\u00ed silikon je odoln\u00fd proti pov\u011btrnostn\u00edm vliv\u016fm, UV z\u00e1\u0159en\u00ed, odoln\u00fd proti st\u00e1rnut\u00ed, vykazuje se silnou p\u0159ilnavost\u00ed ke sklu, hlin\u00edku, oceli, je vhodn\u00fd i na m\u011b\u010f \u2013 nep\u016fsob\u00ed oxidaci kov\u016f, je barevn\u011b st\u00e1l\u00fd. Je vhodn\u00fd pro ut\u011bs\u0148ov\u00e1n\u00ed sp\u00e1r a spojovac\u00edch sp\u00e1r v oblasti sklen\u011bn\u00fdch a okenn\u00edch konstrukc\u00ed, v kovopr\u016fmyslu, v sanit\u00e1rn\u00ed oblasti, u st\u0159e\u0161n\u00edch a klemp\u00ed\u0159sk\u00fdch prac\u00ed, pro vyt\u00e1p\u011bn\u00ed, vzduchotechniku a klimatizaci. Tmelen\u00ed a lepen\u00ed por\u00e9zn\u00edch i nepor\u00e9zn\u00edch materi\u00e1l\u016f.<\/p>\n<p><b>Pou\u017eit\u00ed<\/b><br \/>\n\u2022 klemp\u00ed\u0159sk\u00e9 pr\u00e1ce, p\u0159eklenov\u00e1n\u00ed dilata\u010dn\u00edch sp\u00e1r, zaskl\u00edv\u00e1n\u00ed<br \/>\n\u2022 tmelen\u00ed a t\u011bsn\u011bn\u00ed um\u00fdvadel, d\u0159ez\u016f, sprchov\u00fdch kout\u016f, akryl\u00e1tov\u00fdch van, keramick\u00fdch obklad\u016f apod.<br \/>\n\u2022 spojov\u00e1n\u00ed sav\u00e9ho a nesav\u00e9ho podkladu, tmelen\u00ed zejm\u00e9na kombinace dvou odli\u0161n\u00fdch materi\u00e1l\u016f<br \/>\n\u2022 tmelen\u00ed ve zdravotnick\u00fdch prostor\u00e1ch (krom\u011b l\u00e9ka\u0159sk\u00fdch a farmaceutick\u00fdch aplikac\u00ed), vzduchotechniky, klimatizace<br \/>\n\u2022 tmelen\u00ed\/zaskl\u00edv\u00e1n\u00ed do hlin\u00edkov\u00fdch\/plastov\u00fdch r\u00e1m\u016f<br \/>\n\u2022 ut\u011bs\u0148ov\u00e1n\u00ed sp\u00e1r mezi oknem\/dve\u0159mi (plast\/hlin\u00edk) a zdivem, chlad\u00edrensk\u00fdch box\u016f, stavebn\u00edch prvk\u016f z betonu, d\u0159eva a kov\u016f<br \/>\n\u2022 ur\u010den\u00fd pro profesion\u00e1ln\u00ed pou\u017eit\u00ed<br \/>\n\u2022 do exteri\u00e9ru i interi\u00e9ru<br \/>\n\u2022 certifikace: vyhovuje pou\u017eit\u00ed dle EN 15621-1 (F EXT-INT CC), spl\u0148uje francouzskou normu pro nejvy\u0161\u0161\u00ed kvalitu ovzdu\u0161\u00ed v interi\u00e9ru t\u0159\u00eddy A+<\/p>\n","protected":false},"featured_media":2488,"comment_status":"open","ping_status":"closed","template":"","meta":[],"product_brand":[],"product_cat":[227,224],"product_tag":[],"class_list":{"0":"post-2486","1":"product","2":"type-product","3":"status-publish","4":"has-post-thumbnail","6":"product_cat-silikonove-tmely","7":"product_cat-stavebni-chemie","9":"first","10":"instock","11":"shipping-taxable","12":"product-type-simple"},"yoast_head":"<!-- This site is optimized with the Yoast SEO plugin v26.9 - https:\/\/yoast.com\/product\/yoast-seo-wordpress\/ -->\n<title>Neutr\u00e1ln\u00ed silikon OXIM BULDOK - StavebninyNikol<\/title>\n<meta name=\"description\" content=\"Neutr\u00e1ln\u00ed silikon OXIM BULDOK StavebninyNikol\" \/>\n<meta name=\"robots\" content=\"index, follow, max-snippet:-1, max-image-preview:large, max-video-preview:-1\" \/>\n<link rel=\"canonical\" href=\"https:\/\/stavebninynikol.cz\/index.php\/product\/neutralni-silikon-oxim-buldok\/\" \/>\n<meta property=\"og:locale\" content=\"cs_CZ\" \/>\n<meta property=\"og:type\" content=\"article\" \/>\n<meta property=\"og:title\" content=\"Neutr\u00e1ln\u00ed silikon OXIM BULDOK - StavebninyNikol\" \/>\n<meta property=\"og:description\" content=\"Neutr\u00e1ln\u00ed silikon OXIM BULDOK StavebninyNikol\" \/>\n<meta property=\"og:url\" content=\"https:\/\/stavebninynikol.cz\/index.php\/product\/neutralni-silikon-oxim-buldok\/\" \/>\n<meta property=\"og:site_name\" content=\"StavebninyNikol\" \/>\n<meta property=\"article:publisher\" content=\"https:\/\/www.facebook.com\/profile.php?id=100057375402895&amp;mibextid=wwXIfr&amp;rdid=6fQOqALSBiK69Ovq&amp;share_url=httpswww.facebook.comshare1AicpAHGFPmibextidwwXIfr\" \/>\n<meta property=\"article:modified_time\" content=\"2025-09-03T11:14:49+00:00\" \/>\n<meta property=\"og:image\" content=\"https:\/\/stavebninynikol.cz\/wp-content\/uploads\/2025\/09\/www_product_images_esh0000807_20_800x800-q100.webp\" \/>\n\t<meta property=\"og:image:width\" content=\"800\" \/>\n\t<meta property=\"og:image:height\" content=\"800\" \/>\n\t<meta property=\"og:image:type\" content=\"image\/webp\" \/>\n<meta name=\"twitter:card\" content=\"summary_large_image\" \/>\n<script type=\"application\/ld+json\" class=\"yoast-schema-graph\">{\"@context\":\"https:\/\/schema.org\",\"@graph\":[{\"@type\":\"WebPage\",\"@id\":\"https:\/\/stavebninynikol.cz\/index.php\/product\/neutralni-silikon-oxim-buldok\/\",\"url\":\"https:\/\/stavebninynikol.cz\/index.php\/product\/neutralni-silikon-oxim-buldok\/\",\"name\":\"Neutr\u00e1ln\u00ed silikon OXIM BULDOK - StavebninyNikol\",\"isPartOf\":{\"@id\":\"https:\/\/stavebninynikol.cz\/#website\"},\"primaryImageOfPage\":{\"@id\":\"https:\/\/stavebninynikol.cz\/index.php\/product\/neutralni-silikon-oxim-buldok\/#primaryimage\"},\"image\":{\"@id\":\"https:\/\/stavebninynikol.cz\/index.php\/product\/neutralni-silikon-oxim-buldok\/#primaryimage\"},\"thumbnailUrl\":\"https:\/\/stavebninynikol.cz\/wp-content\/uploads\/2025\/09\/www_product_images_esh0000807_20_800x800-q100.webp\",\"datePublished\":\"2025-09-03T11:14:48+00:00\",\"dateModified\":\"2025-09-03T11:14:49+00:00\",\"description\":\"Neutr\u00e1ln\u00ed silikon OXIM BULDOK StavebninyNikol\",\"breadcrumb\":{\"@id\":\"https:\/\/stavebninynikol.cz\/index.php\/product\/neutralni-silikon-oxim-buldok\/#breadcrumb\"},\"inLanguage\":\"cs\",\"potentialAction\":[{\"@type\":\"ReadAction\",\"target\":[\"https:\/\/stavebninynikol.cz\/index.php\/product\/neutralni-silikon-oxim-buldok\/\"]}]},{\"@type\":\"ImageObject\",\"inLanguage\":\"cs\",\"@id\":\"https:\/\/stavebninynikol.cz\/index.php\/product\/neutralni-silikon-oxim-buldok\/#primaryimage\",\"url\":\"https:\/\/stavebninynikol.cz\/wp-content\/uploads\/2025\/09\/www_product_images_esh0000807_20_800x800-q100.webp\",\"contentUrl\":\"https:\/\/stavebninynikol.cz\/wp-content\/uploads\/2025\/09\/www_product_images_esh0000807_20_800x800-q100.webp\",\"width\":800,\"height\":800},{\"@type\":\"BreadcrumbList\",\"@id\":\"https:\/\/stavebninynikol.cz\/index.php\/product\/neutralni-silikon-oxim-buldok\/#breadcrumb\",\"itemListElement\":[{\"@type\":\"ListItem\",\"position\":1,\"name\":\"Dom\u016f\",\"item\":\"https:\/\/stavebninynikol.cz\/\"},{\"@type\":\"ListItem\",\"position\":2,\"name\":\"Take Your Adventure To The Next Level\",\"item\":\"https:\/\/stavebninynikol.cz\/index.php\/shop\/\"},{\"@type\":\"ListItem\",\"position\":3,\"name\":\"Neutr\u00e1ln\u00ed silikon OXIM BULDOK\"}]},{\"@type\":\"WebSite\",\"@id\":\"https:\/\/stavebninynikol.cz\/#website\",\"url\":\"https:\/\/stavebninynikol.cz\/\",\"name\":\"StavebninyNikol\",\"description\":\"stavebniny nikol\",\"publisher\":{\"@id\":\"https:\/\/stavebninynikol.cz\/#organization\"},\"potentialAction\":[{\"@type\":\"SearchAction\",\"target\":{\"@type\":\"EntryPoint\",\"urlTemplate\":\"https:\/\/stavebninynikol.cz\/?s={search_term_string}\"},\"query-input\":{\"@type\":\"PropertyValueSpecification\",\"valueRequired\":true,\"valueName\":\"search_term_string\"}}],\"inLanguage\":\"cs\"},{\"@type\":\"Organization\",\"@id\":\"https:\/\/stavebninynikol.cz\/#organization\",\"name\":\"StavebninyNikol\",\"url\":\"https:\/\/stavebninynikol.cz\/\",\"logo\":{\"@type\":\"ImageObject\",\"inLanguage\":\"cs\",\"@id\":\"https:\/\/stavebninynikol.cz\/#\/schema\/logo\/image\/\",\"url\":\"https:\/\/stavebninynikol.cz\/wp-content\/uploads\/2025\/07\/NIKOL_logo.eps-1-e1757927564347.webp\",\"contentUrl\":\"https:\/\/stavebninynikol.cz\/wp-content\/uploads\/2025\/07\/NIKOL_logo.eps-1-e1757927564347.webp\",\"width\":512,\"height\":132,\"caption\":\"StavebninyNikol\"},\"image\":{\"@id\":\"https:\/\/stavebninynikol.cz\/#\/schema\/logo\/image\/\"},\"sameAs\":[\"https:\/\/www.facebook.com\/profile.php?id=100057375402895&mibextid=wwXIfr&rdid=6fQOqALSBiK69Ovq&share_url=httpswww.facebook.comshare1AicpAHGFPmibextidwwXIfr\"]}]}<\/script>\n<!-- \/ Yoast SEO plugin. -->","yoast_head_json":{"title":"Neutr\u00e1ln\u00ed silikon OXIM BULDOK - StavebninyNikol","description":"Neutr\u00e1ln\u00ed silikon OXIM BULDOK StavebninyNikol","robots":{"index":"index","follow":"follow","max-snippet":"max-snippet:-1","max-image-preview":"max-image-preview:large","max-video-preview":"max-video-preview:-1"},"canonical":"https:\/\/stavebninynikol.cz\/index.php\/product\/neutralni-silikon-oxim-buldok\/","og_locale":"cs_CZ","og_type":"article","og_title":"Neutr\u00e1ln\u00ed silikon OXIM BULDOK - StavebninyNikol","og_description":"Neutr\u00e1ln\u00ed silikon OXIM BULDOK StavebninyNikol","og_url":"https:\/\/stavebninynikol.cz\/index.php\/product\/neutralni-silikon-oxim-buldok\/","og_site_name":"StavebninyNikol","article_publisher":"https:\/\/www.facebook.com\/profile.php?id=100057375402895&mibextid=wwXIfr&rdid=6fQOqALSBiK69Ovq&share_url=httpswww.facebook.comshare1AicpAHGFPmibextidwwXIfr","article_modified_time":"2025-09-03T11:14:49+00:00","og_image":[{"width":800,"height":800,"url":"https:\/\/stavebninynikol.cz\/wp-content\/uploads\/2025\/09\/www_product_images_esh0000807_20_800x800-q100.webp","type":"image\/webp"}],"twitter_card":"summary_large_image","schema":{"@context":"https:\/\/schema.org","@graph":[{"@type":"WebPage","@id":"https:\/\/stavebninynikol.cz\/index.php\/product\/neutralni-silikon-oxim-buldok\/","url":"https:\/\/stavebninynikol.cz\/index.php\/product\/neutralni-silikon-oxim-buldok\/","name":"Neutr\u00e1ln\u00ed silikon OXIM BULDOK - StavebninyNikol","isPartOf":{"@id":"https:\/\/stavebninynikol.cz\/#website"},"primaryImageOfPage":{"@id":"https:\/\/stavebninynikol.cz\/index.php\/product\/neutralni-silikon-oxim-buldok\/#primaryimage"},"image":{"@id":"https:\/\/stavebninynikol.cz\/index.php\/product\/neutralni-silikon-oxim-buldok\/#primaryimage"},"thumbnailUrl":"https:\/\/stavebninynikol.cz\/wp-content\/uploads\/2025\/09\/www_product_images_esh0000807_20_800x800-q100.webp","datePublished":"2025-09-03T11:14:48+00:00","dateModified":"2025-09-03T11:14:49+00:00","description":"Neutr\u00e1ln\u00ed silikon OXIM BULDOK StavebninyNikol","breadcrumb":{"@id":"https:\/\/stavebninynikol.cz\/index.php\/product\/neutralni-silikon-oxim-buldok\/#breadcrumb"},"inLanguage":"cs","potentialAction":[{"@type":"ReadAction","target":["https:\/\/stavebninynikol.cz\/index.php\/product\/neutralni-silikon-oxim-buldok\/"]}]},{"@type":"ImageObject","inLanguage":"cs","@id":"https:\/\/stavebninynikol.cz\/index.php\/product\/neutralni-silikon-oxim-buldok\/#primaryimage","url":"https:\/\/stavebninynikol.cz\/wp-content\/uploads\/2025\/09\/www_product_images_esh0000807_20_800x800-q100.webp","contentUrl":"https:\/\/stavebninynikol.cz\/wp-content\/uploads\/2025\/09\/www_product_images_esh0000807_20_800x800-q100.webp","width":800,"height":800},{"@type":"BreadcrumbList","@id":"https:\/\/stavebninynikol.cz\/index.php\/product\/neutralni-silikon-oxim-buldok\/#breadcrumb","itemListElement":[{"@type":"ListItem","position":1,"name":"Dom\u016f","item":"https:\/\/stavebninynikol.cz\/"},{"@type":"ListItem","position":2,"name":"Take Your Adventure To The Next Level","item":"https:\/\/stavebninynikol.cz\/index.php\/shop\/"},{"@type":"ListItem","position":3,"name":"Neutr\u00e1ln\u00ed silikon OXIM BULDOK"}]},{"@type":"WebSite","@id":"https:\/\/stavebninynikol.cz\/#website","url":"https:\/\/stavebninynikol.cz\/","name":"StavebninyNikol","description":"stavebniny nikol","publisher":{"@id":"https:\/\/stavebninynikol.cz\/#organization"},"potentialAction":[{"@type":"SearchAction","target":{"@type":"EntryPoint","urlTemplate":"https:\/\/stavebninynikol.cz\/?s={search_term_string}"},"query-input":{"@type":"PropertyValueSpecification","valueRequired":true,"valueName":"search_term_string"}}],"inLanguage":"cs"},{"@type":"Organization","@id":"https:\/\/stavebninynikol.cz\/#organization","name":"StavebninyNikol","url":"https:\/\/stavebninynikol.cz\/","logo":{"@type":"ImageObject","inLanguage":"cs","@id":"https:\/\/stavebninynikol.cz\/#\/schema\/logo\/image\/","url":"https:\/\/stavebninynikol.cz\/wp-content\/uploads\/2025\/07\/NIKOL_logo.eps-1-e1757927564347.webp","contentUrl":"https:\/\/stavebninynikol.cz\/wp-content\/uploads\/2025\/07\/NIKOL_logo.eps-1-e1757927564347.webp","width":512,"height":132,"caption":"StavebninyNikol"},"image":{"@id":"https:\/\/stavebninynikol.cz\/#\/schema\/logo\/image\/"},"sameAs":["https:\/\/www.facebook.com\/profile.php?id=100057375402895&mibextid=wwXIfr&rdid=6fQOqALSBiK69Ovq&share_url=httpswww.facebook.comshare1AicpAHGFPmibextidwwXIfr"]}]}},"_links":{"self":[{"href":"https:\/\/stavebninynikol.cz\/index.php\/wp-json\/wp\/v2\/product\/2486","targetHints":{"allow":["GET"]}}],"collection":[{"href":"https:\/\/stavebninynikol.cz\/index.php\/wp-json\/wp\/v2\/product"}],"about":[{"href":"https:\/\/stavebninynikol.cz\/index.php\/wp-json\/wp\/v2\/types\/product"}],"replies":[{"embeddable":true,"href":"https:\/\/stavebninynikol.cz\/index.php\/wp-json\/wp\/v2\/comments?post=2486"}],"wp:featuredmedia":[{"embeddable":true,"href":"https:\/\/stavebninynikol.cz\/index.php\/wp-json\/wp\/v2\/media\/2488"}],"wp:attachment":[{"href":"https:\/\/stavebninynikol.cz\/index.php\/wp-json\/wp\/v2\/media?parent=2486"}],"wp:term":[{"taxonomy":"product_brand","embeddable":true,"href":"https:\/\/stavebninynikol.cz\/index.php\/wp-json\/wp\/v2\/product_brand?post=2486"},{"taxonomy":"product_cat","embeddable":true,"href":"https:\/\/stavebninynikol.cz\/index.php\/wp-json\/wp\/v2\/product_cat?post=2486"},{"taxonomy":"product_tag","embeddable":true,"href":"https:\/\/stavebninynikol.cz\/index.php\/wp-json\/wp\/v2\/product_tag?post=2486"}],"curies":[{"name":"wp","href":"https:\/\/api.w.org\/{rel}","templated":true}]}}