{"id":2563,"date":"2025-09-04T14:47:16","date_gmt":"2025-09-04T14:47:16","guid":{"rendered":"https:\/\/stavebninynikol.cz\/?post_type=product&#038;p=2563"},"modified":"2025-09-04T14:47:16","modified_gmt":"2025-09-04T14:47:16","slug":"zimni-trubickova-nizkoexpanzni-pena","status":"publish","type":"product","link":"https:\/\/stavebninynikol.cz\/index.php\/product\/zimni-trubickova-nizkoexpanzni-pena\/","title":{"rendered":"Zimn\u00ed trubi\u010dkov\u00e1 n\u00edzkoexpanzn\u00ed p\u011bna"},"content":{"rendered":"","protected":false},"excerpt":{"rendered":"<p>Speci\u00e1ln\u00ed p\u011bna, kterou lze aplikovat v\u00a0jak\u00e9koliv poloze. Nejv\u00edce se hod\u00ed tam, kde pot\u0159ebujete extr\u00e9mn\u00ed v\u00fdt\u011b\u017enost s\u00a0n\u00edzkou expanz\u00ed.<\/p>\n<ul>\n<li>pro vypln\u011bn\u00ed sp\u00e1r mezi okenn\u00edmi nebo dve\u0159n\u00edmi r\u00e1my<\/li>\n<li>ut\u011bsn\u011bn\u00ed pr\u016fchod\u016f ve st\u011bn\u00e1ch<\/li>\n<li>jako izolace potrubn\u00edch syst\u00e9m\u016f<\/li>\n<li>na v\u011bt\u0161inu stavebn\u00edho materi\u00e1lu jako je beton, k\u00e1men, zdivo, d\u0159evo, plast a\u00a0dal\u0161\u00ed<\/li>\n<li>do -15\u00b0C<\/li>\n<\/ul>\n","protected":false},"featured_media":2564,"comment_status":"open","ping_status":"closed","template":"","meta":[],"product_brand":[],"product_cat":[225,224],"product_tag":[],"class_list":{"0":"post-2563","1":"product","2":"type-product","3":"status-publish","4":"has-post-thumbnail","6":"product_cat-montazni-peny-stavebni-chemie","7":"product_cat-stavebni-chemie","9":"first","10":"instock","11":"shipping-taxable","12":"product-type-simple"},"yoast_head":"<!-- This site is optimized with the Yoast SEO plugin v26.9 - https:\/\/yoast.com\/product\/yoast-seo-wordpress\/ -->\n<title>Zimn\u00ed trubi\u010dkov\u00e1 n\u00edzkoexpanzn\u00ed p\u011bna - StavebninyNikol<\/title>\n<meta name=\"description\" content=\"Zimn\u00ed trubi\u010dkov\u00e1 n\u00edzkoexpanzn\u00ed p\u011bna StavebninyNikol\" \/>\n<meta name=\"robots\" content=\"index, follow, max-snippet:-1, max-image-preview:large, max-video-preview:-1\" \/>\n<link rel=\"canonical\" href=\"https:\/\/stavebninynikol.cz\/index.php\/product\/zimni-trubickova-nizkoexpanzni-pena\/\" \/>\n<meta property=\"og:locale\" content=\"cs_CZ\" \/>\n<meta property=\"og:type\" content=\"article\" \/>\n<meta property=\"og:title\" content=\"Zimn\u00ed trubi\u010dkov\u00e1 n\u00edzkoexpanzn\u00ed p\u011bna - StavebninyNikol\" \/>\n<meta property=\"og:description\" content=\"Zimn\u00ed trubi\u010dkov\u00e1 n\u00edzkoexpanzn\u00ed p\u011bna StavebninyNikol\" \/>\n<meta property=\"og:url\" content=\"https:\/\/stavebninynikol.cz\/index.php\/product\/zimni-trubickova-nizkoexpanzni-pena\/\" \/>\n<meta property=\"og:site_name\" content=\"StavebninyNikol\" \/>\n<meta property=\"article:publisher\" content=\"https:\/\/www.facebook.com\/profile.php?id=100057375402895&amp;mibextid=wwXIfr&amp;rdid=6fQOqALSBiK69Ovq&amp;share_url=httpswww.facebook.comshare1AicpAHGFPmibextidwwXIfr\" \/>\n<meta property=\"og:image\" content=\"https:\/\/stavebninynikol.cz\/wp-content\/uploads\/2025\/09\/zimni_maxi_trubickova_nizkoexpanzni_pena_web.webp\" \/>\n\t<meta property=\"og:image:width\" content=\"600\" \/>\n\t<meta property=\"og:image:height\" content=\"600\" \/>\n\t<meta property=\"og:image:type\" content=\"image\/webp\" \/>\n<meta name=\"twitter:card\" content=\"summary_large_image\" \/>\n<script type=\"application\/ld+json\" class=\"yoast-schema-graph\">{\"@context\":\"https:\/\/schema.org\",\"@graph\":[{\"@type\":\"WebPage\",\"@id\":\"https:\/\/stavebninynikol.cz\/index.php\/product\/zimni-trubickova-nizkoexpanzni-pena\/\",\"url\":\"https:\/\/stavebninynikol.cz\/index.php\/product\/zimni-trubickova-nizkoexpanzni-pena\/\",\"name\":\"Zimn\u00ed trubi\u010dkov\u00e1 n\u00edzkoexpanzn\u00ed p\u011bna - StavebninyNikol\",\"isPartOf\":{\"@id\":\"https:\/\/stavebninynikol.cz\/#website\"},\"primaryImageOfPage\":{\"@id\":\"https:\/\/stavebninynikol.cz\/index.php\/product\/zimni-trubickova-nizkoexpanzni-pena\/#primaryimage\"},\"image\":{\"@id\":\"https:\/\/stavebninynikol.cz\/index.php\/product\/zimni-trubickova-nizkoexpanzni-pena\/#primaryimage\"},\"thumbnailUrl\":\"https:\/\/stavebninynikol.cz\/wp-content\/uploads\/2025\/09\/zimni_maxi_trubickova_nizkoexpanzni_pena_web.webp\",\"datePublished\":\"2025-09-04T14:47:16+00:00\",\"description\":\"Zimn\u00ed trubi\u010dkov\u00e1 n\u00edzkoexpanzn\u00ed p\u011bna StavebninyNikol\",\"breadcrumb\":{\"@id\":\"https:\/\/stavebninynikol.cz\/index.php\/product\/zimni-trubickova-nizkoexpanzni-pena\/#breadcrumb\"},\"inLanguage\":\"cs\",\"potentialAction\":[{\"@type\":\"ReadAction\",\"target\":[\"https:\/\/stavebninynikol.cz\/index.php\/product\/zimni-trubickova-nizkoexpanzni-pena\/\"]}]},{\"@type\":\"ImageObject\",\"inLanguage\":\"cs\",\"@id\":\"https:\/\/stavebninynikol.cz\/index.php\/product\/zimni-trubickova-nizkoexpanzni-pena\/#primaryimage\",\"url\":\"https:\/\/stavebninynikol.cz\/wp-content\/uploads\/2025\/09\/zimni_maxi_trubickova_nizkoexpanzni_pena_web.webp\",\"contentUrl\":\"https:\/\/stavebninynikol.cz\/wp-content\/uploads\/2025\/09\/zimni_maxi_trubickova_nizkoexpanzni_pena_web.webp\",\"width\":600,\"height\":600},{\"@type\":\"BreadcrumbList\",\"@id\":\"https:\/\/stavebninynikol.cz\/index.php\/product\/zimni-trubickova-nizkoexpanzni-pena\/#breadcrumb\",\"itemListElement\":[{\"@type\":\"ListItem\",\"position\":1,\"name\":\"Dom\u016f\",\"item\":\"https:\/\/stavebninynikol.cz\/\"},{\"@type\":\"ListItem\",\"position\":2,\"name\":\"Take Your Adventure To The Next Level\",\"item\":\"https:\/\/stavebninynikol.cz\/index.php\/shop\/\"},{\"@type\":\"ListItem\",\"position\":3,\"name\":\"Zimn\u00ed trubi\u010dkov\u00e1 n\u00edzkoexpanzn\u00ed p\u011bna\"}]},{\"@type\":\"WebSite\",\"@id\":\"https:\/\/stavebninynikol.cz\/#website\",\"url\":\"https:\/\/stavebninynikol.cz\/\",\"name\":\"StavebninyNikol\",\"description\":\"stavebniny nikol\",\"publisher\":{\"@id\":\"https:\/\/stavebninynikol.cz\/#organization\"},\"potentialAction\":[{\"@type\":\"SearchAction\",\"target\":{\"@type\":\"EntryPoint\",\"urlTemplate\":\"https:\/\/stavebninynikol.cz\/?s={search_term_string}\"},\"query-input\":{\"@type\":\"PropertyValueSpecification\",\"valueRequired\":true,\"valueName\":\"search_term_string\"}}],\"inLanguage\":\"cs\"},{\"@type\":\"Organization\",\"@id\":\"https:\/\/stavebninynikol.cz\/#organization\",\"name\":\"StavebninyNikol\",\"url\":\"https:\/\/stavebninynikol.cz\/\",\"logo\":{\"@type\":\"ImageObject\",\"inLanguage\":\"cs\",\"@id\":\"https:\/\/stavebninynikol.cz\/#\/schema\/logo\/image\/\",\"url\":\"https:\/\/stavebninynikol.cz\/wp-content\/uploads\/2025\/07\/NIKOL_logo.eps-1-e1757927564347.webp\",\"contentUrl\":\"https:\/\/stavebninynikol.cz\/wp-content\/uploads\/2025\/07\/NIKOL_logo.eps-1-e1757927564347.webp\",\"width\":512,\"height\":132,\"caption\":\"StavebninyNikol\"},\"image\":{\"@id\":\"https:\/\/stavebninynikol.cz\/#\/schema\/logo\/image\/\"},\"sameAs\":[\"https:\/\/www.facebook.com\/profile.php?id=100057375402895&mibextid=wwXIfr&rdid=6fQOqALSBiK69Ovq&share_url=httpswww.facebook.comshare1AicpAHGFPmibextidwwXIfr\"]}]}<\/script>\n<!-- \/ Yoast SEO plugin. -->","yoast_head_json":{"title":"Zimn\u00ed trubi\u010dkov\u00e1 n\u00edzkoexpanzn\u00ed p\u011bna - StavebninyNikol","description":"Zimn\u00ed trubi\u010dkov\u00e1 n\u00edzkoexpanzn\u00ed p\u011bna StavebninyNikol","robots":{"index":"index","follow":"follow","max-snippet":"max-snippet:-1","max-image-preview":"max-image-preview:large","max-video-preview":"max-video-preview:-1"},"canonical":"https:\/\/stavebninynikol.cz\/index.php\/product\/zimni-trubickova-nizkoexpanzni-pena\/","og_locale":"cs_CZ","og_type":"article","og_title":"Zimn\u00ed trubi\u010dkov\u00e1 n\u00edzkoexpanzn\u00ed p\u011bna - StavebninyNikol","og_description":"Zimn\u00ed trubi\u010dkov\u00e1 n\u00edzkoexpanzn\u00ed p\u011bna StavebninyNikol","og_url":"https:\/\/stavebninynikol.cz\/index.php\/product\/zimni-trubickova-nizkoexpanzni-pena\/","og_site_name":"StavebninyNikol","article_publisher":"https:\/\/www.facebook.com\/profile.php?id=100057375402895&mibextid=wwXIfr&rdid=6fQOqALSBiK69Ovq&share_url=httpswww.facebook.comshare1AicpAHGFPmibextidwwXIfr","og_image":[{"width":600,"height":600,"url":"https:\/\/stavebninynikol.cz\/wp-content\/uploads\/2025\/09\/zimni_maxi_trubickova_nizkoexpanzni_pena_web.webp","type":"image\/webp"}],"twitter_card":"summary_large_image","schema":{"@context":"https:\/\/schema.org","@graph":[{"@type":"WebPage","@id":"https:\/\/stavebninynikol.cz\/index.php\/product\/zimni-trubickova-nizkoexpanzni-pena\/","url":"https:\/\/stavebninynikol.cz\/index.php\/product\/zimni-trubickova-nizkoexpanzni-pena\/","name":"Zimn\u00ed trubi\u010dkov\u00e1 n\u00edzkoexpanzn\u00ed p\u011bna - StavebninyNikol","isPartOf":{"@id":"https:\/\/stavebninynikol.cz\/#website"},"primaryImageOfPage":{"@id":"https:\/\/stavebninynikol.cz\/index.php\/product\/zimni-trubickova-nizkoexpanzni-pena\/#primaryimage"},"image":{"@id":"https:\/\/stavebninynikol.cz\/index.php\/product\/zimni-trubickova-nizkoexpanzni-pena\/#primaryimage"},"thumbnailUrl":"https:\/\/stavebninynikol.cz\/wp-content\/uploads\/2025\/09\/zimni_maxi_trubickova_nizkoexpanzni_pena_web.webp","datePublished":"2025-09-04T14:47:16+00:00","description":"Zimn\u00ed trubi\u010dkov\u00e1 n\u00edzkoexpanzn\u00ed p\u011bna StavebninyNikol","breadcrumb":{"@id":"https:\/\/stavebninynikol.cz\/index.php\/product\/zimni-trubickova-nizkoexpanzni-pena\/#breadcrumb"},"inLanguage":"cs","potentialAction":[{"@type":"ReadAction","target":["https:\/\/stavebninynikol.cz\/index.php\/product\/zimni-trubickova-nizkoexpanzni-pena\/"]}]},{"@type":"ImageObject","inLanguage":"cs","@id":"https:\/\/stavebninynikol.cz\/index.php\/product\/zimni-trubickova-nizkoexpanzni-pena\/#primaryimage","url":"https:\/\/stavebninynikol.cz\/wp-content\/uploads\/2025\/09\/zimni_maxi_trubickova_nizkoexpanzni_pena_web.webp","contentUrl":"https:\/\/stavebninynikol.cz\/wp-content\/uploads\/2025\/09\/zimni_maxi_trubickova_nizkoexpanzni_pena_web.webp","width":600,"height":600},{"@type":"BreadcrumbList","@id":"https:\/\/stavebninynikol.cz\/index.php\/product\/zimni-trubickova-nizkoexpanzni-pena\/#breadcrumb","itemListElement":[{"@type":"ListItem","position":1,"name":"Dom\u016f","item":"https:\/\/stavebninynikol.cz\/"},{"@type":"ListItem","position":2,"name":"Take Your Adventure To The Next Level","item":"https:\/\/stavebninynikol.cz\/index.php\/shop\/"},{"@type":"ListItem","position":3,"name":"Zimn\u00ed trubi\u010dkov\u00e1 n\u00edzkoexpanzn\u00ed p\u011bna"}]},{"@type":"WebSite","@id":"https:\/\/stavebninynikol.cz\/#website","url":"https:\/\/stavebninynikol.cz\/","name":"StavebninyNikol","description":"stavebniny nikol","publisher":{"@id":"https:\/\/stavebninynikol.cz\/#organization"},"potentialAction":[{"@type":"SearchAction","target":{"@type":"EntryPoint","urlTemplate":"https:\/\/stavebninynikol.cz\/?s={search_term_string}"},"query-input":{"@type":"PropertyValueSpecification","valueRequired":true,"valueName":"search_term_string"}}],"inLanguage":"cs"},{"@type":"Organization","@id":"https:\/\/stavebninynikol.cz\/#organization","name":"StavebninyNikol","url":"https:\/\/stavebninynikol.cz\/","logo":{"@type":"ImageObject","inLanguage":"cs","@id":"https:\/\/stavebninynikol.cz\/#\/schema\/logo\/image\/","url":"https:\/\/stavebninynikol.cz\/wp-content\/uploads\/2025\/07\/NIKOL_logo.eps-1-e1757927564347.webp","contentUrl":"https:\/\/stavebninynikol.cz\/wp-content\/uploads\/2025\/07\/NIKOL_logo.eps-1-e1757927564347.webp","width":512,"height":132,"caption":"StavebninyNikol"},"image":{"@id":"https:\/\/stavebninynikol.cz\/#\/schema\/logo\/image\/"},"sameAs":["https:\/\/www.facebook.com\/profile.php?id=100057375402895&mibextid=wwXIfr&rdid=6fQOqALSBiK69Ovq&share_url=httpswww.facebook.comshare1AicpAHGFPmibextidwwXIfr"]}]}},"_links":{"self":[{"href":"https:\/\/stavebninynikol.cz\/index.php\/wp-json\/wp\/v2\/product\/2563","targetHints":{"allow":["GET"]}}],"collection":[{"href":"https:\/\/stavebninynikol.cz\/index.php\/wp-json\/wp\/v2\/product"}],"about":[{"href":"https:\/\/stavebninynikol.cz\/index.php\/wp-json\/wp\/v2\/types\/product"}],"replies":[{"embeddable":true,"href":"https:\/\/stavebninynikol.cz\/index.php\/wp-json\/wp\/v2\/comments?post=2563"}],"wp:featuredmedia":[{"embeddable":true,"href":"https:\/\/stavebninynikol.cz\/index.php\/wp-json\/wp\/v2\/media\/2564"}],"wp:attachment":[{"href":"https:\/\/stavebninynikol.cz\/index.php\/wp-json\/wp\/v2\/media?parent=2563"}],"wp:term":[{"taxonomy":"product_brand","embeddable":true,"href":"https:\/\/stavebninynikol.cz\/index.php\/wp-json\/wp\/v2\/product_brand?post=2563"},{"taxonomy":"product_cat","embeddable":true,"href":"https:\/\/stavebninynikol.cz\/index.php\/wp-json\/wp\/v2\/product_cat?post=2563"},{"taxonomy":"product_tag","embeddable":true,"href":"https:\/\/stavebninynikol.cz\/index.php\/wp-json\/wp\/v2\/product_tag?post=2563"}],"curies":[{"name":"wp","href":"https:\/\/api.w.org\/{rel}","templated":true}]}}