{"id":2582,"date":"2025-09-05T09:47:19","date_gmt":"2025-09-05T09:47:19","guid":{"rendered":"https:\/\/stavebninynikol.cz\/?post_type=product&#038;p=2582"},"modified":"2025-09-05T09:55:20","modified_gmt":"2025-09-05T09:55:20","slug":"jednoslozkova-hydroizolace-exterier-den-braven","status":"publish","type":"product","link":"https:\/\/stavebninynikol.cz\/index.php\/product\/jednoslozkova-hydroizolace-exterier-den-braven\/","title":{"rendered":"Jednoslo\u017ekov\u00e1 hydroizolace Exteri\u00e9r Den Braven"},"content":{"rendered":"","protected":false},"excerpt":{"rendered":"<p>Ji\u017e hotov\u00e1 jednoslo\u017ekov\u00e1, polotekut\u00e1 hmota na b\u00e1zi polymerov\u00e9 disperze. Po zaschnut\u00ed hmoty se vytvo\u0159\u00ed vysoce elastick\u00fd, t\u011bsn\u00fd, vod\u011bodoln\u00fd n\u00e1t\u011br s\u00a0dobrou p\u0159ilnavost\u00ed k\u00a0podkladu. Hydroizolace je ur\u010dena k\u00a0prov\u00e1d\u011bn\u00ed hydroizola\u010dn\u00edch n\u00e1t\u011br\u016f pod keramick\u00e9 obklady a\u00a0dla\u017ebu v\u00a0interi\u00e9rech a\u00a0exteri\u00e9rech budov: balk\u00f3ny, terasy, lod\u017eie, mokr\u00e9 prostory, koupelny, sprchy, toalety, pr\u00e1delny, sklepy, kuchyn\u011b, um\u00fdv\u00e1rny apod.<\/p>\n","protected":false},"featured_media":2583,"comment_status":"open","ping_status":"closed","template":"","meta":[],"product_brand":[],"product_cat":[225,224],"product_tag":[],"class_list":{"0":"post-2582","1":"product","2":"type-product","3":"status-publish","4":"has-post-thumbnail","6":"product_cat-montazni-peny-stavebni-chemie","7":"product_cat-stavebni-chemie","9":"first","10":"instock","11":"shipping-taxable","12":"product-type-variable"},"yoast_head":"<!-- This site is optimized with the Yoast SEO plugin v26.9 - https:\/\/yoast.com\/product\/yoast-seo-wordpress\/ -->\n<title>Jednoslo\u017ekov\u00e1 hydroizolace Exteri\u00e9r Den Braven - StavebninyNikol<\/title>\n<meta name=\"description\" content=\"Jednoslo\u017ekov\u00e1 hydroizolace Exteri\u00e9r Den Braven StavebninyNikol\" \/>\n<meta name=\"robots\" content=\"index, follow, max-snippet:-1, max-image-preview:large, max-video-preview:-1\" \/>\n<link rel=\"canonical\" href=\"https:\/\/stavebninynikol.cz\/index.php\/product\/jednoslozkova-hydroizolace-exterier-den-braven\/\" \/>\n<meta property=\"og:locale\" content=\"cs_CZ\" \/>\n<meta property=\"og:type\" content=\"article\" \/>\n<meta property=\"og:title\" content=\"Jednoslo\u017ekov\u00e1 hydroizolace Exteri\u00e9r Den Braven - StavebninyNikol\" \/>\n<meta property=\"og:description\" content=\"Jednoslo\u017ekov\u00e1 hydroizolace Exteri\u00e9r Den Braven StavebninyNikol\" \/>\n<meta property=\"og:url\" content=\"https:\/\/stavebninynikol.cz\/index.php\/product\/jednoslozkova-hydroizolace-exterier-den-braven\/\" \/>\n<meta property=\"og:site_name\" content=\"StavebninyNikol\" \/>\n<meta property=\"article:publisher\" content=\"https:\/\/www.facebook.com\/profile.php?id=100057375402895&amp;mibextid=wwXIfr&amp;rdid=6fQOqALSBiK69Ovq&amp;share_url=httpswww.facebook.comshare1AicpAHGFPmibextidwwXIfr\" \/>\n<meta property=\"article:modified_time\" content=\"2025-09-05T09:55:20+00:00\" \/>\n<meta property=\"og:image\" content=\"https:\/\/stavebninynikol.cz\/wp-content\/uploads\/2025\/09\/Jednoslozkova-hydroizolace-EXTERIER-debbex-by-den-braven-web-2025.webp\" \/>\n\t<meta property=\"og:image:width\" content=\"600\" \/>\n\t<meta property=\"og:image:height\" content=\"600\" \/>\n\t<meta property=\"og:image:type\" content=\"image\/webp\" \/>\n<meta name=\"twitter:card\" content=\"summary_large_image\" \/>\n<script type=\"application\/ld+json\" class=\"yoast-schema-graph\">{\"@context\":\"https:\/\/schema.org\",\"@graph\":[{\"@type\":\"WebPage\",\"@id\":\"https:\/\/stavebninynikol.cz\/index.php\/product\/jednoslozkova-hydroizolace-exterier-den-braven\/\",\"url\":\"https:\/\/stavebninynikol.cz\/index.php\/product\/jednoslozkova-hydroizolace-exterier-den-braven\/\",\"name\":\"Jednoslo\u017ekov\u00e1 hydroizolace Exteri\u00e9r Den Braven - StavebninyNikol\",\"isPartOf\":{\"@id\":\"https:\/\/stavebninynikol.cz\/#website\"},\"primaryImageOfPage\":{\"@id\":\"https:\/\/stavebninynikol.cz\/index.php\/product\/jednoslozkova-hydroizolace-exterier-den-braven\/#primaryimage\"},\"image\":{\"@id\":\"https:\/\/stavebninynikol.cz\/index.php\/product\/jednoslozkova-hydroizolace-exterier-den-braven\/#primaryimage\"},\"thumbnailUrl\":\"https:\/\/stavebninynikol.cz\/wp-content\/uploads\/2025\/09\/Jednoslozkova-hydroizolace-EXTERIER-debbex-by-den-braven-web-2025.webp\",\"datePublished\":\"2025-09-05T09:47:19+00:00\",\"dateModified\":\"2025-09-05T09:55:20+00:00\",\"description\":\"Jednoslo\u017ekov\u00e1 hydroizolace Exteri\u00e9r Den Braven StavebninyNikol\",\"breadcrumb\":{\"@id\":\"https:\/\/stavebninynikol.cz\/index.php\/product\/jednoslozkova-hydroizolace-exterier-den-braven\/#breadcrumb\"},\"inLanguage\":\"cs\",\"potentialAction\":[{\"@type\":\"ReadAction\",\"target\":[\"https:\/\/stavebninynikol.cz\/index.php\/product\/jednoslozkova-hydroizolace-exterier-den-braven\/\"]}]},{\"@type\":\"ImageObject\",\"inLanguage\":\"cs\",\"@id\":\"https:\/\/stavebninynikol.cz\/index.php\/product\/jednoslozkova-hydroizolace-exterier-den-braven\/#primaryimage\",\"url\":\"https:\/\/stavebninynikol.cz\/wp-content\/uploads\/2025\/09\/Jednoslozkova-hydroizolace-EXTERIER-debbex-by-den-braven-web-2025.webp\",\"contentUrl\":\"https:\/\/stavebninynikol.cz\/wp-content\/uploads\/2025\/09\/Jednoslozkova-hydroizolace-EXTERIER-debbex-by-den-braven-web-2025.webp\",\"width\":600,\"height\":600},{\"@type\":\"BreadcrumbList\",\"@id\":\"https:\/\/stavebninynikol.cz\/index.php\/product\/jednoslozkova-hydroizolace-exterier-den-braven\/#breadcrumb\",\"itemListElement\":[{\"@type\":\"ListItem\",\"position\":1,\"name\":\"Dom\u016f\",\"item\":\"https:\/\/stavebninynikol.cz\/\"},{\"@type\":\"ListItem\",\"position\":2,\"name\":\"Take Your Adventure To The Next Level\",\"item\":\"https:\/\/stavebninynikol.cz\/index.php\/shop\/\"},{\"@type\":\"ListItem\",\"position\":3,\"name\":\"Jednoslo\u017ekov\u00e1 hydroizolace Exteri\u00e9r Den Braven\"}]},{\"@type\":\"WebSite\",\"@id\":\"https:\/\/stavebninynikol.cz\/#website\",\"url\":\"https:\/\/stavebninynikol.cz\/\",\"name\":\"StavebninyNikol\",\"description\":\"stavebniny nikol\",\"publisher\":{\"@id\":\"https:\/\/stavebninynikol.cz\/#organization\"},\"potentialAction\":[{\"@type\":\"SearchAction\",\"target\":{\"@type\":\"EntryPoint\",\"urlTemplate\":\"https:\/\/stavebninynikol.cz\/?s={search_term_string}\"},\"query-input\":{\"@type\":\"PropertyValueSpecification\",\"valueRequired\":true,\"valueName\":\"search_term_string\"}}],\"inLanguage\":\"cs\"},{\"@type\":\"Organization\",\"@id\":\"https:\/\/stavebninynikol.cz\/#organization\",\"name\":\"StavebninyNikol\",\"url\":\"https:\/\/stavebninynikol.cz\/\",\"logo\":{\"@type\":\"ImageObject\",\"inLanguage\":\"cs\",\"@id\":\"https:\/\/stavebninynikol.cz\/#\/schema\/logo\/image\/\",\"url\":\"https:\/\/stavebninynikol.cz\/wp-content\/uploads\/2025\/07\/NIKOL_logo.eps-1-e1757927564347.webp\",\"contentUrl\":\"https:\/\/stavebninynikol.cz\/wp-content\/uploads\/2025\/07\/NIKOL_logo.eps-1-e1757927564347.webp\",\"width\":512,\"height\":132,\"caption\":\"StavebninyNikol\"},\"image\":{\"@id\":\"https:\/\/stavebninynikol.cz\/#\/schema\/logo\/image\/\"},\"sameAs\":[\"https:\/\/www.facebook.com\/profile.php?id=100057375402895&mibextid=wwXIfr&rdid=6fQOqALSBiK69Ovq&share_url=httpswww.facebook.comshare1AicpAHGFPmibextidwwXIfr\"]}]}<\/script>\n<!-- \/ Yoast SEO plugin. -->","yoast_head_json":{"title":"Jednoslo\u017ekov\u00e1 hydroizolace Exteri\u00e9r Den Braven - StavebninyNikol","description":"Jednoslo\u017ekov\u00e1 hydroizolace Exteri\u00e9r Den Braven StavebninyNikol","robots":{"index":"index","follow":"follow","max-snippet":"max-snippet:-1","max-image-preview":"max-image-preview:large","max-video-preview":"max-video-preview:-1"},"canonical":"https:\/\/stavebninynikol.cz\/index.php\/product\/jednoslozkova-hydroizolace-exterier-den-braven\/","og_locale":"cs_CZ","og_type":"article","og_title":"Jednoslo\u017ekov\u00e1 hydroizolace Exteri\u00e9r Den Braven - StavebninyNikol","og_description":"Jednoslo\u017ekov\u00e1 hydroizolace Exteri\u00e9r Den Braven StavebninyNikol","og_url":"https:\/\/stavebninynikol.cz\/index.php\/product\/jednoslozkova-hydroizolace-exterier-den-braven\/","og_site_name":"StavebninyNikol","article_publisher":"https:\/\/www.facebook.com\/profile.php?id=100057375402895&mibextid=wwXIfr&rdid=6fQOqALSBiK69Ovq&share_url=httpswww.facebook.comshare1AicpAHGFPmibextidwwXIfr","article_modified_time":"2025-09-05T09:55:20+00:00","og_image":[{"width":600,"height":600,"url":"https:\/\/stavebninynikol.cz\/wp-content\/uploads\/2025\/09\/Jednoslozkova-hydroizolace-EXTERIER-debbex-by-den-braven-web-2025.webp","type":"image\/webp"}],"twitter_card":"summary_large_image","schema":{"@context":"https:\/\/schema.org","@graph":[{"@type":"WebPage","@id":"https:\/\/stavebninynikol.cz\/index.php\/product\/jednoslozkova-hydroizolace-exterier-den-braven\/","url":"https:\/\/stavebninynikol.cz\/index.php\/product\/jednoslozkova-hydroizolace-exterier-den-braven\/","name":"Jednoslo\u017ekov\u00e1 hydroizolace Exteri\u00e9r Den Braven - StavebninyNikol","isPartOf":{"@id":"https:\/\/stavebninynikol.cz\/#website"},"primaryImageOfPage":{"@id":"https:\/\/stavebninynikol.cz\/index.php\/product\/jednoslozkova-hydroizolace-exterier-den-braven\/#primaryimage"},"image":{"@id":"https:\/\/stavebninynikol.cz\/index.php\/product\/jednoslozkova-hydroizolace-exterier-den-braven\/#primaryimage"},"thumbnailUrl":"https:\/\/stavebninynikol.cz\/wp-content\/uploads\/2025\/09\/Jednoslozkova-hydroizolace-EXTERIER-debbex-by-den-braven-web-2025.webp","datePublished":"2025-09-05T09:47:19+00:00","dateModified":"2025-09-05T09:55:20+00:00","description":"Jednoslo\u017ekov\u00e1 hydroizolace Exteri\u00e9r Den Braven StavebninyNikol","breadcrumb":{"@id":"https:\/\/stavebninynikol.cz\/index.php\/product\/jednoslozkova-hydroizolace-exterier-den-braven\/#breadcrumb"},"inLanguage":"cs","potentialAction":[{"@type":"ReadAction","target":["https:\/\/stavebninynikol.cz\/index.php\/product\/jednoslozkova-hydroizolace-exterier-den-braven\/"]}]},{"@type":"ImageObject","inLanguage":"cs","@id":"https:\/\/stavebninynikol.cz\/index.php\/product\/jednoslozkova-hydroizolace-exterier-den-braven\/#primaryimage","url":"https:\/\/stavebninynikol.cz\/wp-content\/uploads\/2025\/09\/Jednoslozkova-hydroizolace-EXTERIER-debbex-by-den-braven-web-2025.webp","contentUrl":"https:\/\/stavebninynikol.cz\/wp-content\/uploads\/2025\/09\/Jednoslozkova-hydroizolace-EXTERIER-debbex-by-den-braven-web-2025.webp","width":600,"height":600},{"@type":"BreadcrumbList","@id":"https:\/\/stavebninynikol.cz\/index.php\/product\/jednoslozkova-hydroizolace-exterier-den-braven\/#breadcrumb","itemListElement":[{"@type":"ListItem","position":1,"name":"Dom\u016f","item":"https:\/\/stavebninynikol.cz\/"},{"@type":"ListItem","position":2,"name":"Take Your Adventure To The Next Level","item":"https:\/\/stavebninynikol.cz\/index.php\/shop\/"},{"@type":"ListItem","position":3,"name":"Jednoslo\u017ekov\u00e1 hydroizolace Exteri\u00e9r Den Braven"}]},{"@type":"WebSite","@id":"https:\/\/stavebninynikol.cz\/#website","url":"https:\/\/stavebninynikol.cz\/","name":"StavebninyNikol","description":"stavebniny nikol","publisher":{"@id":"https:\/\/stavebninynikol.cz\/#organization"},"potentialAction":[{"@type":"SearchAction","target":{"@type":"EntryPoint","urlTemplate":"https:\/\/stavebninynikol.cz\/?s={search_term_string}"},"query-input":{"@type":"PropertyValueSpecification","valueRequired":true,"valueName":"search_term_string"}}],"inLanguage":"cs"},{"@type":"Organization","@id":"https:\/\/stavebninynikol.cz\/#organization","name":"StavebninyNikol","url":"https:\/\/stavebninynikol.cz\/","logo":{"@type":"ImageObject","inLanguage":"cs","@id":"https:\/\/stavebninynikol.cz\/#\/schema\/logo\/image\/","url":"https:\/\/stavebninynikol.cz\/wp-content\/uploads\/2025\/07\/NIKOL_logo.eps-1-e1757927564347.webp","contentUrl":"https:\/\/stavebninynikol.cz\/wp-content\/uploads\/2025\/07\/NIKOL_logo.eps-1-e1757927564347.webp","width":512,"height":132,"caption":"StavebninyNikol"},"image":{"@id":"https:\/\/stavebninynikol.cz\/#\/schema\/logo\/image\/"},"sameAs":["https:\/\/www.facebook.com\/profile.php?id=100057375402895&mibextid=wwXIfr&rdid=6fQOqALSBiK69Ovq&share_url=httpswww.facebook.comshare1AicpAHGFPmibextidwwXIfr"]}]}},"_links":{"self":[{"href":"https:\/\/stavebninynikol.cz\/index.php\/wp-json\/wp\/v2\/product\/2582","targetHints":{"allow":["GET"]}}],"collection":[{"href":"https:\/\/stavebninynikol.cz\/index.php\/wp-json\/wp\/v2\/product"}],"about":[{"href":"https:\/\/stavebninynikol.cz\/index.php\/wp-json\/wp\/v2\/types\/product"}],"replies":[{"embeddable":true,"href":"https:\/\/stavebninynikol.cz\/index.php\/wp-json\/wp\/v2\/comments?post=2582"}],"wp:featuredmedia":[{"embeddable":true,"href":"https:\/\/stavebninynikol.cz\/index.php\/wp-json\/wp\/v2\/media\/2583"}],"wp:attachment":[{"href":"https:\/\/stavebninynikol.cz\/index.php\/wp-json\/wp\/v2\/media?parent=2582"}],"wp:term":[{"taxonomy":"product_brand","embeddable":true,"href":"https:\/\/stavebninynikol.cz\/index.php\/wp-json\/wp\/v2\/product_brand?post=2582"},{"taxonomy":"product_cat","embeddable":true,"href":"https:\/\/stavebninynikol.cz\/index.php\/wp-json\/wp\/v2\/product_cat?post=2582"},{"taxonomy":"product_tag","embeddable":true,"href":"https:\/\/stavebninynikol.cz\/index.php\/wp-json\/wp\/v2\/product_tag?post=2582"}],"curies":[{"name":"wp","href":"https:\/\/api.w.org\/{rel}","templated":true}]}}