{"id":2592,"date":"2025-09-09T07:53:13","date_gmt":"2025-09-09T07:53:13","guid":{"rendered":"https:\/\/stavebninynikol.cz\/?post_type=product&#038;p=2592"},"modified":"2025-10-02T11:27:25","modified_gmt":"2025-10-02T11:27:25","slug":"buldok-cista-fasada","status":"publish","type":"product","link":"https:\/\/stavebninynikol.cz\/index.php\/product\/buldok-cista-fasada\/","title":{"rendered":"Buldok \u010dist\u00e1 fas\u00e1da"},"content":{"rendered":"<p><b>Pou\u017eit\u00ed<\/b><br \/>\n\u2022 \u010dist\u011bn\u00ed fas\u00e1d od mechanick\u00fdch ne\u010distot nebo porost\u016f \u0159as a mech\u016f p\u0159i renova\u010dn\u00edch prac\u00edch (p\u0159ed n\u00e1t\u011brem fas\u00e1dn\u00ed barvou nebo p\u0159\u00edpravkem Odoln\u00e1 fas\u00e1da \u010cS)<\/p>\n<p><b>V\u00fdhody<\/b><br \/>\n\u2022 snadn\u00e9 pou\u017eit\u00ed, neupravuje se, ne\u0159ed\u00ed se<br \/>\n\u2022 nepo\u0161kozuje \u010di\u0161t\u011bn\u00e9 povrchy<br \/>\n\u2022 vyr\u00e1b\u011bno v syst\u00e9mu \u0159\u00edzen\u00ed jakosti ISO 9001<br \/>\n\u2022 vyrobeno v \u010cR<\/p>\n<p><b>Pracovn\u00ed postup<\/b><br \/>\nPovrch pro o\u0161et\u0159en\u00ed mus\u00ed b\u00fdt such\u00fd a nesm\u00ed b\u00fdt namrzl\u00fd ani oj\u00edn\u011bn\u00fd. Produkt je p\u0159ipraven k pou\u017eit\u00ed, ne\u0159e\u010fte jej. Nan\u00e1\u0161ejte za such\u00e9ho po\u010das\u00ed \u0161t\u011btcem, n\u00edzkotlak\u00fdm post\u0159ikova\u010dem nebo smet\u00e1kem. \u010ci\u0161t\u011bn\u00fd povrch mus\u00ed b\u00fdt po nanesen\u00ed zcela mokr\u00fd. P\u0159i v\u011bt\u0161\u00edm zne\u010di\u0161t\u011bn\u00ed nebo vy\u0161\u0161\u00edch porostech postup opakujte, a to po 2 \u2013 3 dnech. Nepou\u017e\u00edvejte p\u0159ed de\u0161t\u011bm, \u010distic\u00ed \u00fa\u010dinnost se sni\u017euje. N\u00e1sledn\u00e9 opl\u00e1chnut\u00ed nen\u00ed obvykle nutn\u00e9, v p\u0159\u00edpad\u011b de\u0161t\u011b a pov\u011btrnostn\u00edch vliv\u016f dojde k spl\u00e1chnut\u00ed p\u0159\u00edpravkem uvoln\u011bn\u00fdch ne\u010distot a porost\u016f. P\u0159i renova\u010dn\u00edch prac\u00edch opl\u00e1chn\u011bte povrch po 24 hodin\u00e1ch zahradn\u00ed hadic\u00ed, vysokotlak\u00fdm \u010disti\u010dem (max. 50 bar\u016f). Pou\u017eijete-li p\u0159\u00edpravek na zateplen\u00fd syst\u00e9m, vy\u010dkejte, a\u017e se ne\u010distoty p\u016fsoben\u00edm pov\u011btrnost\u00ed uvoln\u00ed nebo mechanicky o\u010dist\u011bte pomoc\u00ed jemn\u00e9ho kart\u00e1\u010de.<\/p>\n<p><b>Technick\u00e9 \u00fadaje<\/b><br \/>\n\u2022 Slo\u017een\u00ed etoxylovan\u00e9 alkoholy, komplexotvorn\u00e9 \u00fa\u010dinn\u00e9 slo\u017eky, p\u0159\u00edsady<br \/>\n\u2022 Konzistence bezbarv\u00e1 a na\u017eloutl\u00e1 kapalina<br \/>\n\u2022 Hodnota pH 12 &#8211; 13<br \/>\n\u2022 Hustota 1020 kg\/m\u00b3<br \/>\n\u2022 Obsah VOC 0 %<br \/>\n\u2022 Aplika\u010dn\u00ed teplota +5 \u00b0C a\u017e +30 \u00b0C<br \/>\n\u2022 Vydatnost 1 \u2013 2 dl\/m\u00b2; cca 25 \u2013 50 m\u00b2 \/ 5 kg balen\u00ed<\/p>\n","protected":false},"excerpt":{"rendered":"<p>\u010cist\u011bn\u00ed fas\u00e1d od mechanick\u00fdch ne\u010distot nebo porost\u016f \u0159as a mech\u016f p\u0159i renova\u010dn\u00edch prac\u00edch (p\u0159ed n\u00e1t\u011brem fas\u00e1dn\u00ed barvou nebo p\u0159\u00edpravkem Odoln\u00e1 fas\u00e1da \u010cS). Snadn\u00e9 pou\u017eit\u00ed, neupravuje se, ne\u0159ed\u00ed se. Nepo\u0161kozuje \u010di\u0161t\u011bn\u00e9 povrchy. Funguje na principu chemick\u00e9ho \u010di\u0161t\u011bn\u00ed, rozpou\u0161t\u011bn\u00ed.<\/p>\n<p><b>BULDOK \u010cisti\u010d fas\u00e1dy<\/b>\u00a0je \u010distic\u00ed prost\u0159edek na odstra\u0148ov\u00e1n\u00ed ne\u010distot a porost\u016f na fas\u00e1d\u00e1ch.<\/p>\n","protected":false},"featured_media":2593,"comment_status":"open","ping_status":"closed","template":"","meta":[],"product_brand":[],"product_cat":[234,224],"product_tag":[],"class_list":{"0":"post-2592","1":"product","2":"type-product","3":"status-publish","4":"has-post-thumbnail","6":"product_cat-cistici-a-udrzbova-chemie","7":"product_cat-stavebni-chemie","9":"first","10":"instock","11":"shipping-taxable","12":"product-type-variable","13":"has-default-attributes"},"yoast_head":"<!-- This site is optimized with the Yoast SEO plugin v26.9 - https:\/\/yoast.com\/product\/yoast-seo-wordpress\/ -->\n<title>Buldok \u010dist\u00e1 fas\u00e1da - StavebninyNikol<\/title>\n<meta name=\"description\" content=\"Buldok \u010dist\u00e1 fas\u00e1da StavebninyNikol\" \/>\n<meta name=\"robots\" content=\"index, follow, max-snippet:-1, max-image-preview:large, max-video-preview:-1\" \/>\n<link rel=\"canonical\" href=\"https:\/\/stavebninynikol.cz\/index.php\/product\/buldok-cista-fasada\/\" \/>\n<meta property=\"og:locale\" content=\"cs_CZ\" \/>\n<meta property=\"og:type\" content=\"article\" \/>\n<meta property=\"og:title\" content=\"Buldok \u010dist\u00e1 fas\u00e1da - StavebninyNikol\" \/>\n<meta property=\"og:description\" content=\"Buldok \u010dist\u00e1 fas\u00e1da StavebninyNikol\" \/>\n<meta property=\"og:url\" content=\"https:\/\/stavebninynikol.cz\/index.php\/product\/buldok-cista-fasada\/\" \/>\n<meta property=\"og:site_name\" content=\"StavebninyNikol\" \/>\n<meta property=\"article:publisher\" content=\"https:\/\/www.facebook.com\/profile.php?id=100057375402895&amp;mibextid=wwXIfr&amp;rdid=6fQOqALSBiK69Ovq&amp;share_url=httpswww.facebook.comshare1AicpAHGFPmibextidwwXIfr\" \/>\n<meta property=\"article:modified_time\" content=\"2025-10-02T11:27:25+00:00\" \/>\n<meta property=\"og:image\" content=\"https:\/\/stavebninynikol.cz\/wp-content\/uploads\/2025\/09\/www_product_images_esh0001740_20_800x800-q100.webp\" \/>\n\t<meta property=\"og:image:width\" content=\"800\" \/>\n\t<meta property=\"og:image:height\" content=\"800\" \/>\n\t<meta property=\"og:image:type\" content=\"image\/webp\" \/>\n<meta name=\"twitter:card\" content=\"summary_large_image\" \/>\n<meta name=\"twitter:label1\" content=\"Odhadovan\u00e1 doba \u010dten\u00ed\" \/>\n\t<meta name=\"twitter:data1\" content=\"2 minuty\" \/>\n<script type=\"application\/ld+json\" class=\"yoast-schema-graph\">{\"@context\":\"https:\/\/schema.org\",\"@graph\":[{\"@type\":\"WebPage\",\"@id\":\"https:\/\/stavebninynikol.cz\/index.php\/product\/buldok-cista-fasada\/\",\"url\":\"https:\/\/stavebninynikol.cz\/index.php\/product\/buldok-cista-fasada\/\",\"name\":\"Buldok \u010dist\u00e1 fas\u00e1da - StavebninyNikol\",\"isPartOf\":{\"@id\":\"https:\/\/stavebninynikol.cz\/#website\"},\"primaryImageOfPage\":{\"@id\":\"https:\/\/stavebninynikol.cz\/index.php\/product\/buldok-cista-fasada\/#primaryimage\"},\"image\":{\"@id\":\"https:\/\/stavebninynikol.cz\/index.php\/product\/buldok-cista-fasada\/#primaryimage\"},\"thumbnailUrl\":\"https:\/\/stavebninynikol.cz\/wp-content\/uploads\/2025\/09\/www_product_images_esh0001740_20_800x800-q100.webp\",\"datePublished\":\"2025-09-09T07:53:13+00:00\",\"dateModified\":\"2025-10-02T11:27:25+00:00\",\"description\":\"Buldok \u010dist\u00e1 fas\u00e1da StavebninyNikol\",\"breadcrumb\":{\"@id\":\"https:\/\/stavebninynikol.cz\/index.php\/product\/buldok-cista-fasada\/#breadcrumb\"},\"inLanguage\":\"cs\",\"potentialAction\":[{\"@type\":\"ReadAction\",\"target\":[\"https:\/\/stavebninynikol.cz\/index.php\/product\/buldok-cista-fasada\/\"]}]},{\"@type\":\"ImageObject\",\"inLanguage\":\"cs\",\"@id\":\"https:\/\/stavebninynikol.cz\/index.php\/product\/buldok-cista-fasada\/#primaryimage\",\"url\":\"https:\/\/stavebninynikol.cz\/wp-content\/uploads\/2025\/09\/www_product_images_esh0001740_20_800x800-q100.webp\",\"contentUrl\":\"https:\/\/stavebninynikol.cz\/wp-content\/uploads\/2025\/09\/www_product_images_esh0001740_20_800x800-q100.webp\",\"width\":800,\"height\":800},{\"@type\":\"BreadcrumbList\",\"@id\":\"https:\/\/stavebninynikol.cz\/index.php\/product\/buldok-cista-fasada\/#breadcrumb\",\"itemListElement\":[{\"@type\":\"ListItem\",\"position\":1,\"name\":\"Dom\u016f\",\"item\":\"https:\/\/stavebninynikol.cz\/\"},{\"@type\":\"ListItem\",\"position\":2,\"name\":\"Take Your Adventure To The Next Level\",\"item\":\"https:\/\/stavebninynikol.cz\/index.php\/shop\/\"},{\"@type\":\"ListItem\",\"position\":3,\"name\":\"Buldok \u010dist\u00e1 fas\u00e1da\"}]},{\"@type\":\"WebSite\",\"@id\":\"https:\/\/stavebninynikol.cz\/#website\",\"url\":\"https:\/\/stavebninynikol.cz\/\",\"name\":\"StavebninyNikol\",\"description\":\"stavebniny nikol\",\"publisher\":{\"@id\":\"https:\/\/stavebninynikol.cz\/#organization\"},\"potentialAction\":[{\"@type\":\"SearchAction\",\"target\":{\"@type\":\"EntryPoint\",\"urlTemplate\":\"https:\/\/stavebninynikol.cz\/?s={search_term_string}\"},\"query-input\":{\"@type\":\"PropertyValueSpecification\",\"valueRequired\":true,\"valueName\":\"search_term_string\"}}],\"inLanguage\":\"cs\"},{\"@type\":\"Organization\",\"@id\":\"https:\/\/stavebninynikol.cz\/#organization\",\"name\":\"StavebninyNikol\",\"url\":\"https:\/\/stavebninynikol.cz\/\",\"logo\":{\"@type\":\"ImageObject\",\"inLanguage\":\"cs\",\"@id\":\"https:\/\/stavebninynikol.cz\/#\/schema\/logo\/image\/\",\"url\":\"https:\/\/stavebninynikol.cz\/wp-content\/uploads\/2025\/07\/NIKOL_logo.eps-1-e1757927564347.webp\",\"contentUrl\":\"https:\/\/stavebninynikol.cz\/wp-content\/uploads\/2025\/07\/NIKOL_logo.eps-1-e1757927564347.webp\",\"width\":512,\"height\":132,\"caption\":\"StavebninyNikol\"},\"image\":{\"@id\":\"https:\/\/stavebninynikol.cz\/#\/schema\/logo\/image\/\"},\"sameAs\":[\"https:\/\/www.facebook.com\/profile.php?id=100057375402895&mibextid=wwXIfr&rdid=6fQOqALSBiK69Ovq&share_url=httpswww.facebook.comshare1AicpAHGFPmibextidwwXIfr\"]}]}<\/script>\n<!-- \/ Yoast SEO plugin. -->","yoast_head_json":{"title":"Buldok \u010dist\u00e1 fas\u00e1da - StavebninyNikol","description":"Buldok \u010dist\u00e1 fas\u00e1da StavebninyNikol","robots":{"index":"index","follow":"follow","max-snippet":"max-snippet:-1","max-image-preview":"max-image-preview:large","max-video-preview":"max-video-preview:-1"},"canonical":"https:\/\/stavebninynikol.cz\/index.php\/product\/buldok-cista-fasada\/","og_locale":"cs_CZ","og_type":"article","og_title":"Buldok \u010dist\u00e1 fas\u00e1da - StavebninyNikol","og_description":"Buldok \u010dist\u00e1 fas\u00e1da StavebninyNikol","og_url":"https:\/\/stavebninynikol.cz\/index.php\/product\/buldok-cista-fasada\/","og_site_name":"StavebninyNikol","article_publisher":"https:\/\/www.facebook.com\/profile.php?id=100057375402895&mibextid=wwXIfr&rdid=6fQOqALSBiK69Ovq&share_url=httpswww.facebook.comshare1AicpAHGFPmibextidwwXIfr","article_modified_time":"2025-10-02T11:27:25+00:00","og_image":[{"width":800,"height":800,"url":"https:\/\/stavebninynikol.cz\/wp-content\/uploads\/2025\/09\/www_product_images_esh0001740_20_800x800-q100.webp","type":"image\/webp"}],"twitter_card":"summary_large_image","twitter_misc":{"Odhadovan\u00e1 doba \u010dten\u00ed":"2 minuty"},"schema":{"@context":"https:\/\/schema.org","@graph":[{"@type":"WebPage","@id":"https:\/\/stavebninynikol.cz\/index.php\/product\/buldok-cista-fasada\/","url":"https:\/\/stavebninynikol.cz\/index.php\/product\/buldok-cista-fasada\/","name":"Buldok \u010dist\u00e1 fas\u00e1da - StavebninyNikol","isPartOf":{"@id":"https:\/\/stavebninynikol.cz\/#website"},"primaryImageOfPage":{"@id":"https:\/\/stavebninynikol.cz\/index.php\/product\/buldok-cista-fasada\/#primaryimage"},"image":{"@id":"https:\/\/stavebninynikol.cz\/index.php\/product\/buldok-cista-fasada\/#primaryimage"},"thumbnailUrl":"https:\/\/stavebninynikol.cz\/wp-content\/uploads\/2025\/09\/www_product_images_esh0001740_20_800x800-q100.webp","datePublished":"2025-09-09T07:53:13+00:00","dateModified":"2025-10-02T11:27:25+00:00","description":"Buldok \u010dist\u00e1 fas\u00e1da StavebninyNikol","breadcrumb":{"@id":"https:\/\/stavebninynikol.cz\/index.php\/product\/buldok-cista-fasada\/#breadcrumb"},"inLanguage":"cs","potentialAction":[{"@type":"ReadAction","target":["https:\/\/stavebninynikol.cz\/index.php\/product\/buldok-cista-fasada\/"]}]},{"@type":"ImageObject","inLanguage":"cs","@id":"https:\/\/stavebninynikol.cz\/index.php\/product\/buldok-cista-fasada\/#primaryimage","url":"https:\/\/stavebninynikol.cz\/wp-content\/uploads\/2025\/09\/www_product_images_esh0001740_20_800x800-q100.webp","contentUrl":"https:\/\/stavebninynikol.cz\/wp-content\/uploads\/2025\/09\/www_product_images_esh0001740_20_800x800-q100.webp","width":800,"height":800},{"@type":"BreadcrumbList","@id":"https:\/\/stavebninynikol.cz\/index.php\/product\/buldok-cista-fasada\/#breadcrumb","itemListElement":[{"@type":"ListItem","position":1,"name":"Dom\u016f","item":"https:\/\/stavebninynikol.cz\/"},{"@type":"ListItem","position":2,"name":"Take Your Adventure To The Next Level","item":"https:\/\/stavebninynikol.cz\/index.php\/shop\/"},{"@type":"ListItem","position":3,"name":"Buldok \u010dist\u00e1 fas\u00e1da"}]},{"@type":"WebSite","@id":"https:\/\/stavebninynikol.cz\/#website","url":"https:\/\/stavebninynikol.cz\/","name":"StavebninyNikol","description":"stavebniny nikol","publisher":{"@id":"https:\/\/stavebninynikol.cz\/#organization"},"potentialAction":[{"@type":"SearchAction","target":{"@type":"EntryPoint","urlTemplate":"https:\/\/stavebninynikol.cz\/?s={search_term_string}"},"query-input":{"@type":"PropertyValueSpecification","valueRequired":true,"valueName":"search_term_string"}}],"inLanguage":"cs"},{"@type":"Organization","@id":"https:\/\/stavebninynikol.cz\/#organization","name":"StavebninyNikol","url":"https:\/\/stavebninynikol.cz\/","logo":{"@type":"ImageObject","inLanguage":"cs","@id":"https:\/\/stavebninynikol.cz\/#\/schema\/logo\/image\/","url":"https:\/\/stavebninynikol.cz\/wp-content\/uploads\/2025\/07\/NIKOL_logo.eps-1-e1757927564347.webp","contentUrl":"https:\/\/stavebninynikol.cz\/wp-content\/uploads\/2025\/07\/NIKOL_logo.eps-1-e1757927564347.webp","width":512,"height":132,"caption":"StavebninyNikol"},"image":{"@id":"https:\/\/stavebninynikol.cz\/#\/schema\/logo\/image\/"},"sameAs":["https:\/\/www.facebook.com\/profile.php?id=100057375402895&mibextid=wwXIfr&rdid=6fQOqALSBiK69Ovq&share_url=httpswww.facebook.comshare1AicpAHGFPmibextidwwXIfr"]}]}},"_links":{"self":[{"href":"https:\/\/stavebninynikol.cz\/index.php\/wp-json\/wp\/v2\/product\/2592","targetHints":{"allow":["GET"]}}],"collection":[{"href":"https:\/\/stavebninynikol.cz\/index.php\/wp-json\/wp\/v2\/product"}],"about":[{"href":"https:\/\/stavebninynikol.cz\/index.php\/wp-json\/wp\/v2\/types\/product"}],"replies":[{"embeddable":true,"href":"https:\/\/stavebninynikol.cz\/index.php\/wp-json\/wp\/v2\/comments?post=2592"}],"wp:featuredmedia":[{"embeddable":true,"href":"https:\/\/stavebninynikol.cz\/index.php\/wp-json\/wp\/v2\/media\/2593"}],"wp:attachment":[{"href":"https:\/\/stavebninynikol.cz\/index.php\/wp-json\/wp\/v2\/media?parent=2592"}],"wp:term":[{"taxonomy":"product_brand","embeddable":true,"href":"https:\/\/stavebninynikol.cz\/index.php\/wp-json\/wp\/v2\/product_brand?post=2592"},{"taxonomy":"product_cat","embeddable":true,"href":"https:\/\/stavebninynikol.cz\/index.php\/wp-json\/wp\/v2\/product_cat?post=2592"},{"taxonomy":"product_tag","embeddable":true,"href":"https:\/\/stavebninynikol.cz\/index.php\/wp-json\/wp\/v2\/product_tag?post=2592"}],"curies":[{"name":"wp","href":"https:\/\/api.w.org\/{rel}","templated":true}]}}