{"id":2603,"date":"2025-09-09T08:07:33","date_gmt":"2025-09-09T08:07:33","guid":{"rendered":"https:\/\/stavebninynikol.cz\/?post_type=product&#038;p=2603"},"modified":"2025-09-09T08:07:33","modified_gmt":"2025-09-09T08:07:33","slug":"buldok-rozpoustec-tuku-v-odpadech-1kg","status":"publish","type":"product","link":"https:\/\/stavebninynikol.cz\/index.php\/product\/buldok-rozpoustec-tuku-v-odpadech-1kg\/","title":{"rendered":"Buldok rozpou\u0161t\u011b\u010d tuk\u016f v odpadech 1kg"},"content":{"rendered":"<p>P\u0159\u00edpravek na b\u00e1zi sm\u011bsi p\u0159\u00edrodn\u00edch bakteri\u00ed a enzym\u016f, jen\u017e spolehliv\u011b odstra\u0148uje tukov\u00e9 n\u00e1nosy a z\u00e1pach ve sb\u011brn\u00fdch j\u00edmk\u00e1ch. Vlivem pravideln\u00e9ho pou\u017e\u00edv\u00e1n\u00ed se zabra\u0148uje zpomalov\u00e1n\u00ed odtoku a usazov\u00e1n\u00ed rostlinn\u00fdch a \u017eivo\u010di\u0161n\u00fdch produkt\u016f v\u00a0odpadn\u00edm syst\u00e9mu. Zabezpe\u010duje jeho st\u00e1lou funk\u010dnost. P\u0159\u00edpravek ne\u0161kod\u00ed lidsk\u00e9mu zdrav\u00ed a je \u0161etrn\u00fd v\u016f\u010di \u017eivotn\u00edmu prost\u0159ed\u00ed.<\/p>\n<p><b>BULDOK Pro rozpad tuk\u016f v odpadech<\/b>\u00a0je p\u0159\u00edrodn\u00ed bakteri\u00e1ln\u00ed v\u00fdrobek pro rozlo\u017een\u00ed tuk\u016f v odpadn\u00edm potrub\u00ed a tukov\u00fdch lapolech.<\/p>\n<p><b>Charakteristika:<\/b><br \/>\n\u2022 Sm\u011bs p\u0159\u00edrodn\u00edch bakteri\u00e1ln\u00edch spor<br \/>\n\u2022 Rozkl\u00e1d\u00e1 tuky v potrub\u00ed a v sb\u011brn\u00fdch j\u00edmk\u00e1ch\/lapolech, udr\u017euje jejich st\u00e1lou funk\u010dnost<br \/>\n\u2022 Zamezuje tvorb\u011b tukov\u00fdch usazenin<br \/>\n\u2022 Odstra\u0148uje z\u00e1pach v sb\u011brn\u00fdch j\u00edmk\u00e1ch<br \/>\n\u2022 \u00da\u010dinn\u00fd, ekologick\u00fd rozklad tuk\u016f.<br \/>\n\u2022 Obnoven\u00e1 funk\u010dnost odpadn\u00edho syst\u00e9mu.<br \/>\n\u2022 \u00daspora n\u00e1klad\u016f za odvoz a zne\u0161kodn\u011bn\u00ed odpadu.<\/p>\n<p><b>V\u00fdhody v\u00fdrobku:<\/b><br \/>\n\u2022 udr\u017euje plnou funk\u010dnost odpadn\u00edho syst\u00e9mu<br \/>\n\u2022 zamezuje jeho ucp\u00e1n\u00ed<br \/>\n\u2022 sni\u017euje n\u00e1klady na odvoz a zne\u0161kodn\u011bn\u00ed odpadn\u00edho tuku<br \/>\n\u2022 p\u0159i pravideln\u00e9m pou\u017e\u00edv\u00e1n\u00ed bakteri\u00e1ln\u00ed sm\u011bsi doch\u00e1z\u00ed k nep\u0159etr\u017eit\u00e9mu \u010di\u0161t\u011bn\u00ed syst\u00e9m\u016f bez chemick\u00e9 z\u00e1t\u011b\u017ee k \u017eivotn\u00edmu prost\u0159ed\u00ed<\/p>\n<p><b>Technick\u00e1 data:<\/b><br \/>\n\u2022 \u00da\u010dinn\u00e1 l\u00e1tka: bakteri\u00e1ln\u011b enzymatick\u00e1 sm\u011bs<br \/>\n\u2022 Konzistence: pr\u00e1\u0161ek<br \/>\n\u2022 Vydatnost: 1 kg \/ 1 m\u00b3 lapolu po dobu dvou t\u00fddn\u016f nebo 100 g balen\u00ed t\u00fddn\u011b na 1 m\u00b3 lapolu<br \/>\n\u2022 Skladov\u00e1n\u00ed: na such\u00e9m m\u00edst\u011b p\u0159i +5 \u00b0C a\u017e +30 \u00b0C<br \/>\n\u2022 Doba pou\u017eitelnosti: V p\u016fvodn\u00edm nena\u010dat\u00e9m balen\u00ed 2 roky od data v\u00fdroby; po otev\u0159en\u00ed: Spot\u0159ebujte do 12 m\u011bs\u00edc\u016f od otev\u0159en\u00ed.<\/p>\n<p><b>Pracovn\u00ed postup:<\/b><br \/>\n\u2022 Bakteri\u00e1ln\u00ed sm\u011bs je nutn\u00e9 p\u0159ed pou\u017eit\u00edm asi 45 minut aktivovat (jedna p\u0159ilo\u017een\u00e1 odm\u011brka na min. jeden litr vla\u017en\u00e9 vody). V pr\u016fb\u011bhu aktivace roztok alespo\u0148 dvakr\u00e1t prom\u00edchejte. P\u0159ipraven\u00fd roztok nalijte do sifonu nebo p\u0159es odpadn\u00ed potrub\u00ed do lapolu.<br \/>\n\u2022 D\u00e1vkov\u00e1n\u00ed pro 1 m\u00b3 odpadu v tukov\u00e9m lapolu: Prvn\u00ed (startovac\u00ed) d\u00e1vka je osm odm\u011brek nebo dv\u011b 100 g balen\u00ed. N\u00e1sledn\u011b po cca t\u0159ech dnech aplikujte dvakr\u00e1t t\u00fddn\u011b 4 odm\u011brky nebo jedeno 100 g balen\u00ed a\u017e do rozpu\u0161t\u011bn\u00ed ve\u0161ker\u00e9ho tuku. Jako udr\u017eovac\u00ed d\u00e1vku pou\u017e\u00edvejte jednou t\u00fddn\u011b \u010dty\u0159i odm\u011brky. Pro optim\u00e1ln\u00ed \u00fa\u010dinnost by m\u011bl b\u00fdt lapol napln\u011bn\u00fd alespo\u0148 z 1\/3 objemu a nem\u011bl by se vyv\u00e1\u017eet po dobu asi t\u0159\u00ed t\u00fddn\u016f.<br \/>\n\u2022 D\u00e1vkov\u00e1n\u00ed pro sifony, odpady: U \u0161patn\u011b odt\u00e9kaj\u00edc\u00edho odpadu vlivem tukov\u00fdch usazenin dv\u011b odm\u011brky denn\u011b po dobu, ne\u017e nastane viditeln\u00e9 zlep\u0161en\u00ed. Pozd\u011bji preventivn\u011b dv\u011b odm\u011brky t\u00fddn\u011b.<\/p>\n<p><b>Upozorn\u011bn\u00ed:<\/b><br \/>\nPro aktivaci nepou\u017e\u00edvejte horkou vodu. Neaplikujte p\u0159\u00edpravek p\u0159\u00edmo bez aktivace. Nepou\u017e\u00edvejte spole\u010dn\u011b kyselinami nebo louhy.<\/p>\n<p>P\u0159i dodr\u017een\u00ed spr\u00e1vn\u00e9ho d\u00e1vkov\u00e1n\u00ed lze kobinovat s p\u0159\u00edpravkem BULDOK \u010cist\u00e9 septiky<\/p>\n","protected":false},"excerpt":{"rendered":"<p>P\u0159\u00edrodn\u00ed bakteri\u00e1ln\u00ed p\u0159\u00edpravek k rozlo\u017een\u00ed ve\u0161ker\u00fdch tukov\u00fdch usazenin v odpadn\u00edm potrub\u00ed.<\/p>\n","protected":false},"featured_media":2604,"comment_status":"open","ping_status":"closed","template":"","meta":[],"product_brand":[],"product_cat":[234,224],"product_tag":[],"class_list":{"0":"post-2603","1":"product","2":"type-product","3":"status-publish","4":"has-post-thumbnail","6":"product_cat-cistici-a-udrzbova-chemie","7":"product_cat-stavebni-chemie","9":"first","10":"instock","11":"shipping-taxable","12":"product-type-simple"},"yoast_head":"<!-- This site is optimized with the Yoast SEO plugin v26.9 - https:\/\/yoast.com\/product\/yoast-seo-wordpress\/ -->\n<title>Buldok rozpou\u0161t\u011b\u010d tuk\u016f v odpadech 1kg - StavebninyNikol<\/title>\n<meta name=\"description\" content=\"Buldok rozpou\u0161t\u011b\u010d tuk\u016f v odpadech 1kg StavebninyNikol\" \/>\n<meta name=\"robots\" content=\"index, follow, max-snippet:-1, max-image-preview:large, max-video-preview:-1\" \/>\n<link rel=\"canonical\" href=\"https:\/\/stavebninynikol.cz\/index.php\/product\/buldok-rozpoustec-tuku-v-odpadech-1kg\/\" \/>\n<meta property=\"og:locale\" content=\"cs_CZ\" \/>\n<meta property=\"og:type\" content=\"article\" \/>\n<meta property=\"og:title\" content=\"Buldok rozpou\u0161t\u011b\u010d tuk\u016f v odpadech 1kg - StavebninyNikol\" \/>\n<meta property=\"og:description\" content=\"Buldok rozpou\u0161t\u011b\u010d tuk\u016f v odpadech 1kg StavebninyNikol\" \/>\n<meta property=\"og:url\" content=\"https:\/\/stavebninynikol.cz\/index.php\/product\/buldok-rozpoustec-tuku-v-odpadech-1kg\/\" \/>\n<meta property=\"og:site_name\" content=\"StavebninyNikol\" \/>\n<meta property=\"article:publisher\" content=\"https:\/\/www.facebook.com\/profile.php?id=100057375402895&amp;mibextid=wwXIfr&amp;rdid=6fQOqALSBiK69Ovq&amp;share_url=httpswww.facebook.comshare1AicpAHGFPmibextidwwXIfr\" \/>\n<meta property=\"og:image\" content=\"https:\/\/stavebninynikol.cz\/wp-content\/uploads\/2025\/09\/www_product_images_esh0000098_02_406x609.webp\" \/>\n\t<meta property=\"og:image:width\" content=\"406\" \/>\n\t<meta property=\"og:image:height\" content=\"609\" \/>\n\t<meta property=\"og:image:type\" content=\"image\/webp\" \/>\n<meta name=\"twitter:card\" content=\"summary_large_image\" \/>\n<meta name=\"twitter:label1\" content=\"Odhadovan\u00e1 doba \u010dten\u00ed\" \/>\n\t<meta name=\"twitter:data1\" content=\"3 minuty\" \/>\n<script type=\"application\/ld+json\" class=\"yoast-schema-graph\">{\"@context\":\"https:\/\/schema.org\",\"@graph\":[{\"@type\":\"WebPage\",\"@id\":\"https:\/\/stavebninynikol.cz\/index.php\/product\/buldok-rozpoustec-tuku-v-odpadech-1kg\/\",\"url\":\"https:\/\/stavebninynikol.cz\/index.php\/product\/buldok-rozpoustec-tuku-v-odpadech-1kg\/\",\"name\":\"Buldok rozpou\u0161t\u011b\u010d tuk\u016f v odpadech 1kg - StavebninyNikol\",\"isPartOf\":{\"@id\":\"https:\/\/stavebninynikol.cz\/#website\"},\"primaryImageOfPage\":{\"@id\":\"https:\/\/stavebninynikol.cz\/index.php\/product\/buldok-rozpoustec-tuku-v-odpadech-1kg\/#primaryimage\"},\"image\":{\"@id\":\"https:\/\/stavebninynikol.cz\/index.php\/product\/buldok-rozpoustec-tuku-v-odpadech-1kg\/#primaryimage\"},\"thumbnailUrl\":\"https:\/\/stavebninynikol.cz\/wp-content\/uploads\/2025\/09\/www_product_images_esh0000098_02_406x609.webp\",\"datePublished\":\"2025-09-09T08:07:33+00:00\",\"description\":\"Buldok rozpou\u0161t\u011b\u010d tuk\u016f v odpadech 1kg StavebninyNikol\",\"breadcrumb\":{\"@id\":\"https:\/\/stavebninynikol.cz\/index.php\/product\/buldok-rozpoustec-tuku-v-odpadech-1kg\/#breadcrumb\"},\"inLanguage\":\"cs\",\"potentialAction\":[{\"@type\":\"ReadAction\",\"target\":[\"https:\/\/stavebninynikol.cz\/index.php\/product\/buldok-rozpoustec-tuku-v-odpadech-1kg\/\"]}]},{\"@type\":\"ImageObject\",\"inLanguage\":\"cs\",\"@id\":\"https:\/\/stavebninynikol.cz\/index.php\/product\/buldok-rozpoustec-tuku-v-odpadech-1kg\/#primaryimage\",\"url\":\"https:\/\/stavebninynikol.cz\/wp-content\/uploads\/2025\/09\/www_product_images_esh0000098_02_406x609.webp\",\"contentUrl\":\"https:\/\/stavebninynikol.cz\/wp-content\/uploads\/2025\/09\/www_product_images_esh0000098_02_406x609.webp\",\"width\":406,\"height\":609},{\"@type\":\"BreadcrumbList\",\"@id\":\"https:\/\/stavebninynikol.cz\/index.php\/product\/buldok-rozpoustec-tuku-v-odpadech-1kg\/#breadcrumb\",\"itemListElement\":[{\"@type\":\"ListItem\",\"position\":1,\"name\":\"Dom\u016f\",\"item\":\"https:\/\/stavebninynikol.cz\/\"},{\"@type\":\"ListItem\",\"position\":2,\"name\":\"Take Your Adventure To The Next Level\",\"item\":\"https:\/\/stavebninynikol.cz\/index.php\/shop\/\"},{\"@type\":\"ListItem\",\"position\":3,\"name\":\"Buldok rozpou\u0161t\u011b\u010d tuk\u016f v odpadech 1kg\"}]},{\"@type\":\"WebSite\",\"@id\":\"https:\/\/stavebninynikol.cz\/#website\",\"url\":\"https:\/\/stavebninynikol.cz\/\",\"name\":\"StavebninyNikol\",\"description\":\"stavebniny nikol\",\"publisher\":{\"@id\":\"https:\/\/stavebninynikol.cz\/#organization\"},\"potentialAction\":[{\"@type\":\"SearchAction\",\"target\":{\"@type\":\"EntryPoint\",\"urlTemplate\":\"https:\/\/stavebninynikol.cz\/?s={search_term_string}\"},\"query-input\":{\"@type\":\"PropertyValueSpecification\",\"valueRequired\":true,\"valueName\":\"search_term_string\"}}],\"inLanguage\":\"cs\"},{\"@type\":\"Organization\",\"@id\":\"https:\/\/stavebninynikol.cz\/#organization\",\"name\":\"StavebninyNikol\",\"url\":\"https:\/\/stavebninynikol.cz\/\",\"logo\":{\"@type\":\"ImageObject\",\"inLanguage\":\"cs\",\"@id\":\"https:\/\/stavebninynikol.cz\/#\/schema\/logo\/image\/\",\"url\":\"https:\/\/stavebninynikol.cz\/wp-content\/uploads\/2025\/07\/NIKOL_logo.eps-1-e1757927564347.webp\",\"contentUrl\":\"https:\/\/stavebninynikol.cz\/wp-content\/uploads\/2025\/07\/NIKOL_logo.eps-1-e1757927564347.webp\",\"width\":512,\"height\":132,\"caption\":\"StavebninyNikol\"},\"image\":{\"@id\":\"https:\/\/stavebninynikol.cz\/#\/schema\/logo\/image\/\"},\"sameAs\":[\"https:\/\/www.facebook.com\/profile.php?id=100057375402895&mibextid=wwXIfr&rdid=6fQOqALSBiK69Ovq&share_url=httpswww.facebook.comshare1AicpAHGFPmibextidwwXIfr\"]}]}<\/script>\n<!-- \/ Yoast SEO plugin. -->","yoast_head_json":{"title":"Buldok rozpou\u0161t\u011b\u010d tuk\u016f v odpadech 1kg - StavebninyNikol","description":"Buldok rozpou\u0161t\u011b\u010d tuk\u016f v odpadech 1kg StavebninyNikol","robots":{"index":"index","follow":"follow","max-snippet":"max-snippet:-1","max-image-preview":"max-image-preview:large","max-video-preview":"max-video-preview:-1"},"canonical":"https:\/\/stavebninynikol.cz\/index.php\/product\/buldok-rozpoustec-tuku-v-odpadech-1kg\/","og_locale":"cs_CZ","og_type":"article","og_title":"Buldok rozpou\u0161t\u011b\u010d tuk\u016f v odpadech 1kg - StavebninyNikol","og_description":"Buldok rozpou\u0161t\u011b\u010d tuk\u016f v odpadech 1kg StavebninyNikol","og_url":"https:\/\/stavebninynikol.cz\/index.php\/product\/buldok-rozpoustec-tuku-v-odpadech-1kg\/","og_site_name":"StavebninyNikol","article_publisher":"https:\/\/www.facebook.com\/profile.php?id=100057375402895&mibextid=wwXIfr&rdid=6fQOqALSBiK69Ovq&share_url=httpswww.facebook.comshare1AicpAHGFPmibextidwwXIfr","og_image":[{"width":406,"height":609,"url":"https:\/\/stavebninynikol.cz\/wp-content\/uploads\/2025\/09\/www_product_images_esh0000098_02_406x609.webp","type":"image\/webp"}],"twitter_card":"summary_large_image","twitter_misc":{"Odhadovan\u00e1 doba \u010dten\u00ed":"3 minuty"},"schema":{"@context":"https:\/\/schema.org","@graph":[{"@type":"WebPage","@id":"https:\/\/stavebninynikol.cz\/index.php\/product\/buldok-rozpoustec-tuku-v-odpadech-1kg\/","url":"https:\/\/stavebninynikol.cz\/index.php\/product\/buldok-rozpoustec-tuku-v-odpadech-1kg\/","name":"Buldok rozpou\u0161t\u011b\u010d tuk\u016f v odpadech 1kg - StavebninyNikol","isPartOf":{"@id":"https:\/\/stavebninynikol.cz\/#website"},"primaryImageOfPage":{"@id":"https:\/\/stavebninynikol.cz\/index.php\/product\/buldok-rozpoustec-tuku-v-odpadech-1kg\/#primaryimage"},"image":{"@id":"https:\/\/stavebninynikol.cz\/index.php\/product\/buldok-rozpoustec-tuku-v-odpadech-1kg\/#primaryimage"},"thumbnailUrl":"https:\/\/stavebninynikol.cz\/wp-content\/uploads\/2025\/09\/www_product_images_esh0000098_02_406x609.webp","datePublished":"2025-09-09T08:07:33+00:00","description":"Buldok rozpou\u0161t\u011b\u010d tuk\u016f v odpadech 1kg StavebninyNikol","breadcrumb":{"@id":"https:\/\/stavebninynikol.cz\/index.php\/product\/buldok-rozpoustec-tuku-v-odpadech-1kg\/#breadcrumb"},"inLanguage":"cs","potentialAction":[{"@type":"ReadAction","target":["https:\/\/stavebninynikol.cz\/index.php\/product\/buldok-rozpoustec-tuku-v-odpadech-1kg\/"]}]},{"@type":"ImageObject","inLanguage":"cs","@id":"https:\/\/stavebninynikol.cz\/index.php\/product\/buldok-rozpoustec-tuku-v-odpadech-1kg\/#primaryimage","url":"https:\/\/stavebninynikol.cz\/wp-content\/uploads\/2025\/09\/www_product_images_esh0000098_02_406x609.webp","contentUrl":"https:\/\/stavebninynikol.cz\/wp-content\/uploads\/2025\/09\/www_product_images_esh0000098_02_406x609.webp","width":406,"height":609},{"@type":"BreadcrumbList","@id":"https:\/\/stavebninynikol.cz\/index.php\/product\/buldok-rozpoustec-tuku-v-odpadech-1kg\/#breadcrumb","itemListElement":[{"@type":"ListItem","position":1,"name":"Dom\u016f","item":"https:\/\/stavebninynikol.cz\/"},{"@type":"ListItem","position":2,"name":"Take Your Adventure To The Next Level","item":"https:\/\/stavebninynikol.cz\/index.php\/shop\/"},{"@type":"ListItem","position":3,"name":"Buldok rozpou\u0161t\u011b\u010d tuk\u016f v odpadech 1kg"}]},{"@type":"WebSite","@id":"https:\/\/stavebninynikol.cz\/#website","url":"https:\/\/stavebninynikol.cz\/","name":"StavebninyNikol","description":"stavebniny nikol","publisher":{"@id":"https:\/\/stavebninynikol.cz\/#organization"},"potentialAction":[{"@type":"SearchAction","target":{"@type":"EntryPoint","urlTemplate":"https:\/\/stavebninynikol.cz\/?s={search_term_string}"},"query-input":{"@type":"PropertyValueSpecification","valueRequired":true,"valueName":"search_term_string"}}],"inLanguage":"cs"},{"@type":"Organization","@id":"https:\/\/stavebninynikol.cz\/#organization","name":"StavebninyNikol","url":"https:\/\/stavebninynikol.cz\/","logo":{"@type":"ImageObject","inLanguage":"cs","@id":"https:\/\/stavebninynikol.cz\/#\/schema\/logo\/image\/","url":"https:\/\/stavebninynikol.cz\/wp-content\/uploads\/2025\/07\/NIKOL_logo.eps-1-e1757927564347.webp","contentUrl":"https:\/\/stavebninynikol.cz\/wp-content\/uploads\/2025\/07\/NIKOL_logo.eps-1-e1757927564347.webp","width":512,"height":132,"caption":"StavebninyNikol"},"image":{"@id":"https:\/\/stavebninynikol.cz\/#\/schema\/logo\/image\/"},"sameAs":["https:\/\/www.facebook.com\/profile.php?id=100057375402895&mibextid=wwXIfr&rdid=6fQOqALSBiK69Ovq&share_url=httpswww.facebook.comshare1AicpAHGFPmibextidwwXIfr"]}]}},"_links":{"self":[{"href":"https:\/\/stavebninynikol.cz\/index.php\/wp-json\/wp\/v2\/product\/2603","targetHints":{"allow":["GET"]}}],"collection":[{"href":"https:\/\/stavebninynikol.cz\/index.php\/wp-json\/wp\/v2\/product"}],"about":[{"href":"https:\/\/stavebninynikol.cz\/index.php\/wp-json\/wp\/v2\/types\/product"}],"replies":[{"embeddable":true,"href":"https:\/\/stavebninynikol.cz\/index.php\/wp-json\/wp\/v2\/comments?post=2603"}],"wp:featuredmedia":[{"embeddable":true,"href":"https:\/\/stavebninynikol.cz\/index.php\/wp-json\/wp\/v2\/media\/2604"}],"wp:attachment":[{"href":"https:\/\/stavebninynikol.cz\/index.php\/wp-json\/wp\/v2\/media?parent=2603"}],"wp:term":[{"taxonomy":"product_brand","embeddable":true,"href":"https:\/\/stavebninynikol.cz\/index.php\/wp-json\/wp\/v2\/product_brand?post=2603"},{"taxonomy":"product_cat","embeddable":true,"href":"https:\/\/stavebninynikol.cz\/index.php\/wp-json\/wp\/v2\/product_cat?post=2603"},{"taxonomy":"product_tag","embeddable":true,"href":"https:\/\/stavebninynikol.cz\/index.php\/wp-json\/wp\/v2\/product_tag?post=2603"}],"curies":[{"name":"wp","href":"https:\/\/api.w.org\/{rel}","templated":true}]}}